posite number?
True
Is 29599 a composite number?
False
Is 490769 a composite number?
False
Is 4781 composite?
True
Is 8369 a composite number?
False
Is 7063 prime?
False
Is 3593 a composite number?
False
Is 21001 a prime number?
True
Is 73694 prime?
False
Is 5498 prime?
False
Is 24737 a composite number?
True
Is 4189 a composite number?
True
Is 557 a prime number?
True
Is 235351 composite?
True
Is 15859 composite?
False
Is 12527 a prime number?
True
Is 22261 a composite number?
True
Is 82631 a composite number?
True
Is 47189 prime?
True
Is 1008029 a prime number?
False
Is 4472135 composite?
True
Is 24754 composite?
True
Is 218129 composite?
True
Is 837619 composite?
False
Is 145177 a prime number?
True
Is 306543 a prime number?
False
Is 284111 a composite number?
False
Is 320837 a composite number?
True
Is 24437 prime?
False
Is 8039 a prime number?
True
Is 16199 composite?
True
Is 229303 a prime number?
False
Is 51749 a composite number?
False
Is 18299 prime?
False
Is 12049 composite?
False
Is 4909 composite?
False
Is 20219 a composite number?
False
Is 1169 composite?
True
Is 689 a composite number?
True
Is 3559 composite?
False
Is 23197 a composite number?
False
Is 63637 a prime number?
False
Is 1650731 prime?
False
Is 633503 composite?
True
Is 480653 a prime number?
False
Is 118817 prime?
False
Is 13613 a prime number?
True
Is 5218 composite?
True
Is 184753 composite?
False
Is 26357 composite?
False
Is 95701 composite?
False
Is 77839 prime?
True
Is 139319 composite?
True
Is 477754 a prime number?
False
Is 7159 prime?
True
Is 2059661 a composite number?
False
Is 660979 a composite number?
True
Is 8683 a composite number?
True
Is 6911 a prime number?
True
Is 467 prime?
True
Is 11735 a composite number?
True
Is 158962 composite?
True
Is 1141901 composite?
False
Is 261847 a composite number?
False
Is 1114327 prime?
False
Is 138239 a prime number?
True
Is 269257 a prime number?
True
Is 127177 a composite number?
True
Is 3502943 a prime number?
True
Is 65831 composite?
False
Is 29243 composite?
False
Is 211921 composite?
True
Is 93643 a prime number?
False
Is 80141 a prime number?
True
Is 14170907 a prime number?
True
Is 2857461 a prime number?
False
Is 6431 a prime number?
False
Is 16141 a prime number?
True
Is 4981 a prime number?
False
Is 50639 composite?
True
Is 9382 composite?
True
Is 22805 a composite number?
True
Is 1328131 prime?
False
Is 3919 prime?
True
Is 4759 prime?
True
Is 24853 a composite number?
True
Is 5147 composite?
False
Is 9491 composite?
False
Is 16661 composite?
False
Is 63299 a prime number?
True
Is 17377 composite?
False
Is 2473 a composite number?
False
Is 102055 prime?
False
Is 70637 a prime number?
False
Is 78459 prime?
False
Is 186377 a prime number?
True
Is 14923 prime?
True
Is 49949 composite?
True
Is 1508867 a prime number?
True
Is 18437 composite?
True
Is 7717 a prime number?
True
Is 237929 a prime number?
True
Is 130069 prime?
True
Is 5963 a prime number?
False
Is 53471 a prime number?
False
Is 5495383 a prime number?
True
Is 654769 a composite number?
True
Is 541081 composite?
True
Is 32363 a prime number?
True
Is 38987 prime?
False
Is 83199 a prime number?
False
Is 30863 a prime number?
False
Is 18053 a prime number?
False
Is 493369 composite?
False
Is 42589 a composite number?
False
Is 165629 prime?
False
Is 38469 prime?
False
Is 6179 composite?
True
Is 1439 a composite number?
False
Is 31139 a prime number?
True
Is 494603 composite?
True
Is 79529 prime?
False
Is 391613 prime?
True
Is 37707 composite?
True
Is 40555 composite?
True
Is 241297 a prime number?
False
Is 98491 composite?
False
Is 222653 prime?
False
Is 23447 a composite number?
False
Is 205619 a prime number?
True
Is 14969 prime?
True
Is 156923 composite?
True
Is 12809 prime?
True
Is 802271 a composite number?
True
Is 28697 prime?
True
Is 10369 prime?
True
Is 58553 a prime number?
False
Is 32597 a composite number?
True
Is 690979 composite?
True
Is 230699 prime?
False
Is 14717 a composite number?
False
Is 301159 prime?
True
Is 79003 a prime number?
False
Is 34061 prime?
True
Is 897211 prime?
False
Is 61563 prime?
False
Is 136447 a composite number?
False
Is 15242 a composite number?
True
Is 9509 prime?
False
Is 77003 a composite number?
False
Is 272054 a prime number?
False
Is 10831 a prime number?
True
Is 2477 prime?
True
Is 631 a prime number?
True
Is 341513 composite?
True
Is 1203 prime?
False
Is 38359 prime?
False
Is 1143677 a composite number?
True
Is 35299 a prime number?
False
Is 14197 composite?
False
Is 20287 a prime number?
True
Is 6122 prime?
False
Is 4781 a prime number?
False
Is 1585799 a composite number?
False
Is 126393 a composite number?
True
Is 1069 a prime number?
True
Is 80989 a prime number?
True
Is 49403 a prime number?
False
Is 2419955 prime?
False
Is 2627 prime?
False
Is 124739 a prime number?
True
Is 269 prime?
True
Is 134677 prime?
True
Is 78043 a prime number?
False
Is 127003 a composite number?
True
Is 158827 composite?
True
Is 13438 a composite number?
True
Is 32639 a composite number?
True
Is 1686319 a prime number?
True
Is 2606537 a prime number?
False
Is 780287 prime?
True
Is 1733 a prime number?
True
Is 382061 a prime number?
True
Is 19277 a composite number?
True
Is 276319 composite?
False
Is 70678 prime?
False
Is 11806 a prime number?
False
Is 164823 a prime number?
False
Is 397 a prime number?
True
Is 127189 a composite number?
False
Is 140351 a prime number?
True
Is 72857 a composite number?
True
Is 14895217 prime?
True
Is 9626 prime?
False
Is 381617 composite?
True
Is 3629 a prime number?
False
Is 246023 composite?
True
Is 172729 composite?
True
Is 14743 a prime number?
False
Is 590321 a prime number?
True
Is 15815 composite?
True
Is 143645 prime?
False
Is 4009 composite?
True
Is 24949 a prime number?
False
Is 2858599 prime?
True
Is 15838 a composite number?
True
Is 25301 prime?
True
Is 95423 a composite number?
True
Is 903607 prime?
True
Is 28321 a composite number?
True
Is 25693 prime?
True
Is 60506 prime?
False
Is 125497 composite?
False
Is 99001 prime?
False
Is 14395 a prime number?
False
Is 80187 prime?
False
Is 156167 a composite number?
True
Is 2329 prime?
False
Is 453703 a prime number?
True
Is 4223459 a prime number?
True
Is 18661 prime?
True
Is 18739 prime?
False
Is 613957 a prime number?
True
Is 29477 composite?
True
Is 45929 a prime number?
False
Is 426613 prime?
False
Is 12071 a composite number?
False
Is 15227 a prime number?
True
Is 16129 a composite number?
True
Is 1847 prime?
True
Is 5261 a composite number?
False
Is 48903 prime?
False
Is 6143 prime?
True
Is 3091 a composite number?
True
Is 43685 a prime number?
False
Is 46031 a composite number?
True
Is 20287 a composite number?
False
Is 2785 a composite number?
True
Is 47699 prime?
True
Is 7613 a prime number?
False
Is 689437 a prime number?
False
Is 1227619 a prime number?
True
Is 24601 a composite number?
True
Is 4691 a composite number?
False
Is 19277 a composite number?
True
Is 49319 a composite number?
True
Is 674615 composite?
True
Is 31307 prime?
True
Is 150531 composite?
True
Is 16934 a composite number?
True
Is 4637 composite?
False
Is 25459 a prime number?
False
Is 2939 composite?
False
Is 200977 a composite number?
True
Is 84521 prime?
True
Is 219479 a prime number?
False
Is 7061 a composite number?
True
Is 473218 prime?
False
Is 9239 composite?
False
Is 1193 a composite number?
False
Is 19973 a prime number?
True
Is 10321 a prime number?
True
Is 2078 prime?
False
Is 8311 a prime number?
True
Is 347441 a composite number?
True
Is 205817 a composite number?
False
Is 530522 a prime number?
False
Is 7795 a composite number?
True
Is 5433 a prime number?
False
Is 9481 a prime number?
False
Is 278423 prime?
False
Is 98251 composite?
False
Is 692641 prime?
True
Is 28961 a prime number?
True
Is 1148167 prime?
True
Is 12057 composite?
True
Is 180679 a prime number?
True
Is 2327323 a prime number?
True
Is 6131 composite?
False
Is 43786 composite?
True
Is 1735 a composite number?
True
Is 2233331 prime?
True
Is 548201 a composite number?
False
Is 398729 a prime number?
True
Is 5471 prime?
True
Is 201169 a composite number?
True
Is 5051 composite?
False
Is 6337 composite?
False
Is 10831 composite?
False
Is 6901 prime?
False
Is 6343 composite